it of 212740?
2
What is the tens digit of 607327?
2
What is the thousands digit of 13797050?
7
What is the tens digit of 7288149?
4
What is the hundreds digit of 51959?
9
What is the millions digit of 1124649?
1
What is the hundreds digit of 67172?
1
What is the thousands digit of 254861?
4
What is the thousands digit of 54650?
4
What is the ten thousands digit of 1607812?
0
What is the units digit of 361378?
8
What is the thousands digit of 41624207?
4
What is the tens digit of 200294?
9
What is the units digit of 22635?
5
What is the ten thousands digit of 190106?
9
What is the units digit of 8422845?
5
What is the thousands digit of 29388?
9
What is the hundreds digit of 151116?
1
What is the tens digit of 16474359?
5
What is the tens digit of 249792?
9
What is the tens digit of 550854?
5
What is the hundred thousands digit of 297716?
2
What is the hundreds digit of 1168726?
7
What is the hundred thousands digit of 375954?
3
What is the ten thousands digit of 1070779?
7
What is the ten millions digit of 15542372?
1
What is the tens digit of 292697?
9
What is the thousands digit of 7381084?
1
What is the thousands digit of 2456374?
6
What is the ten millions digit of 15524531?
1
What is the millions digit of 12605618?
2
What is the hundreds digit of 1329222?
2
What is the thousands digit of 704044?
4
What is the units digit of 5179571?
1
What is the thousands digit of 302580?
2
What is the ten thousands digit of 110905?
1
What is the units digit of 1654264?
4
What is the hundred thousands digit of 1344114?
3
What is the thousands digit of 6827280?
7
What is the units digit of 3418535?
5
What is the hundreds digit of 96619?
6
What is the tens digit of 672651?
5
What is the hundreds digit of 257086?
0
What is the tens digit of 60973?
7
What is the hundreds digit of 3950594?
5
What is the hundreds digit of 143487?
4
What is the units digit of 5370119?
9
What is the thousands digit of 1536197?
6
What is the millions digit of 2084161?
2
What is the thousands digit of 627151?
7
What is the hundreds digit of 2296391?
3
What is the units digit of 9779021?
1
What is the units digit of 824833?
3
What is the ten thousands digit of 2416834?
1
What is the ten thousands digit of 1408993?
0
What is the hundreds digit of 214180?
1
What is the tens digit of 21233352?
5
What is the hundred thousands digit of 554864?
5
What is the units digit of 443751?
1
What is the ten thousands digit of 2628939?
2
What is the tens digit of 31296192?
9
What is the tens digit of 190728?
2
What is the thousands digit of 198629?
8
What is the thousands digit of 15751243?
1
What is the millions digit of 5030720?
5
What is the units digit of 56465?
5
What is the hundreds digit of 170824?
8
What is the millions digit of 3718177?
3
What is the ten thousands digit of 208387?
0
What is the ten thousands digit of 16920590?
2
What is the units digit of 39822?
2
What is the hundred thousands digit of 155265?
1
What is the units digit of 1192568?
8
What is the units digit of 2729469?
9
What is the units digit of 150154?
4
What is the hundred thousands digit of 3598259?
5
What is the ten thousands digit of 893167?
9
What is the hundred thousands digit of 2294770?
2
What is the ten thousands digit of 572965?
7
What is the hundred thousands digit of 963996?
9
What is the millions digit of 1107893?
1
What is the units digit of 3242894?
4
What is the tens digit of 3962987?
8
What is the units digit of 2001516?
6
What is the units digit of 36476596?
6
What is the ten thousands digit of 375978?
7
What is the millions digit of 1880846?
1
What is the hundreds digit of 82095?
0
What is the thousands digit of 603869?
3
What is the thousands digit of 2814710?
4
What is the ten thousands digit of 578268?
7
What is the thousands digit of 245367?
5
What is the tens digit of 8136116?
1
What is the ten thousands digit of 942333?
4
What is the ten thousands digit of 12110079?
1
What is the ten thousands digit of 1356799?
5
What is the thousands digit of 560698?
0
What is the hundred thousands digit of 10768695?
7
What is the tens digit of 16581130?
3
What is the thousands digit of 68593?
8
What is the thousands digit of 227638?
7
What is the units digit of 3848623?
3
What is the hundreds digit of 121278?
2
What is the hundreds digit of 84292?
2
What is the thousands digit of 192691?
2
What is the millions digit of 3686038?
3
What is the thousands digit of 1083666?
3
What is the units digit of 3618600?
0
What is the ten thousands digit of 1546022?
4
What is the tens digit of 609554?
5
What is the hundred thousands digit of 188839?
1
What is the ten thousands digit of 14431553?
3
What is the hundreds digit of 52864?
8
What is the units digit of 2737908?
8
What is the tens digit of 27219771?
7
What is the tens digit of 89697?
9
What is the millions digit of 40241376?
0
What is the ten thousands digit of 2013581?
1
What is the units digit of 5537533?
3
What is the thousands digit of 7371004?
1
What is the thousands digit of 11632285?
2
What is the thousands digit of 5962419?
2
What is the tens digit of 335393?
9
What is the tens digit of 29851817?
1
What is the thousands digit of 7419632?
9
What is the thousands digit of 294359?
4
What is the thousands digit of 70409?
0
What is the thousands digit of 4995691?
5
What is the units digit of 762500?
0
What is the millions digit of 6044644?
6
What is the thousands digit of 8045539?
5
What is the millions digit of 1267449?
1
What is the hundreds digit of 31559?
5
What is the thousands digit of 3010229?
0
What is the thousands digit of 235663?
5
What is the hundred thousands digit of 975324?
9
What is the hundreds digit of 320365?
3
What is the hundreds digit of 196724?
7
What is the hundred thousands digit of 2547904?
5
What is the hundreds digit of 10215331?
3
What is the thousands digit of 2042909?
2
What is the tens digit of 560113?
1
What is the hundred thousands digit of 113596?
1
What is the tens digit of 4007315?
1
What is the units digit of 464117?
7
What is the tens digit of 389233?
3
What is the millions digit of 3631361?
3
What is the millions digit of 1660901?
1
What is the hundreds digit of 18653470?
4
What is the ten thousands digit of 1014645?
1
What is the hundred thousands digit of 24489250?
4
What is the hundred thousands digit of 137648?
1
What is the thousands digit of 10905080?
5
What is the thousands digit of 32271?
2
What is the units digit of 231178?
8
What is the units digit of 4619311?
1
What is the hundred thousands digit of 575432?
5
What is the hundred thousands digit of 147495?
1
What is the tens digit of 2520163?
6
What is the ten thousands digit of 5092619?
9
What is the millions digit of 1690006?
1
What is the units digit of 133713?
3
What is the hundred thousands digit of 285249?
2
What is the hundred thousands digit of 1061707?
0
What is the hundreds digit of 3045937?
9
What is the tens digit of 197018?
1
What is the millions digit of 1350025?
1
What is the ten thousands digit of 3240420?
4
What is the units digit of 1039849?
9
What is the tens digit of 2943727?
2
What is the ten thousands digit of 56391?
5
What is the ten thousands digit of 27162056?
6
What is the units digit of 184353?
3
What is the hundreds digit of 503678?
6
What is the units digit of 3921222?
2
What is the units digit of 2670443?
3
What is the thousands digit of 3301416?
1
What is the units digit of 263811?
1
What is the units digit of 144665?
5
What is the units digit of 25142?
2
What is the hundreds digit of 14791516?
5
What is the tens digit of 11954190?
9
What is the units digit of 3623986?
6
What is the hundreds digit of 10526698?
6
What is the hundred thousands digit of 42970231?
9
What is the thousands digit of 659255?
9
What is the tens digit of 7301678?
7
What is the tens digit of 475324?
2
What is the ten thousands digit of 9172540?
7
What is the units digit of 227465?
5
What is the tens digit of 773349?
4
What is the units digit of 15408266?
6
What is the ten thousands digit of 66753?
6
What is the hundred thousands digit of 4582016?
5
What is the hundreds digit of 2366790?
7
What is the tens digit of 5636945?
4
What is the hundreds digit of 497014?
0
What is the hundreds digit of 3718069?
0
What is the hundreds digit of 137690?
6
What is the 